be m(2). Suppose -79 + v = -2*l. Suppose 0 = -35*s + l*s - 61. What are the prime factors of s?
61
What are the prime factors of ((-20)/(-6))/(88/49764)?
5, 13, 29
Let i be 4/(-26) + 224/104. Suppose -8 = -i*m - 5*q, -5*m - 2*q + 12 = -29. What are the prime factors of m?
3
Let f = -890 + 1560. What are the prime factors of f?
2, 5, 67
Let q(g) be the first derivative of g**2/2 - 9*g - 3. Let z be q(9). Suppose z*d - 40 = -d. List the prime factors of d.
2, 5
Suppose 0 = -4*i - 1 + 9. Suppose 2*q = -3*l + 483, -6*q + i*l = -q - 1217. Suppose -3*u + 6*u - 3 = 0, -4*x + q = -u. What are the prime factors of x?
61
Suppose -2*s - 72775 = -43*s. List the prime factors of s.
5, 71
Suppose -5*k - 4 = 1. Let o be (84/(-16))/(k/(-4)). Let t = -11 - o. List the prime factors of t.
2, 5
Suppose 6*h = h + 70. Let a(c) = c**3 - 15*c**2 + 20*c - 17. List the prime factors of a(h).
67
Let h(k) = 5*k**2 + 2*k + 2. Suppose -2*u = -0 + 2. Let i be h(u). Suppose i*f - 35 = -5*q + 35, 3*q + 15 = 0. List the prime factors of f.
19
Let x(r) = -16*r - 9. Let z be x(-6). Suppose 5*g = 4*g + z. List the prime factors of g.
3, 29
Let t be (312/(-18))/(-4) + (-4)/(-6). What are the prime factors of ((-12)/t*-1)/((-1)/(-25))?
2, 3, 5
Let r = 27 - 23. Suppose -r*m + 20 = 0, 3*i - m - m = 275. What are the prime factors of i?
5, 19
Suppose 12*k - 7*k - 3*u - 1165 = 0, 0 = 4*k - 5*u - 945. What are the prime factors of k?
2, 5, 23
What are the prime factors of 2/3 - 5068/(-12)?
3, 47
Suppose -4*g = -5*o + 300, g - 153 = -3*o - 2*g. Suppose 0 = 2*z - o - 54. List the prime factors of z.
5, 11
Suppose -4*f = -3*j - 2413, 4*f - 368 - 2070 = -2*j. What are the prime factors of f?
607
List the prime factors of 12*34 - (3/1 + -2).
11, 37
Let w = 858 - 679. List the prime factors of w.
179
Let h = 9 + -9. Suppose h = -3*j + 5 + 37. Let y(s) = s**3 - 13*s**2 - 14*s + 13. What are the prime factors of y(j)?
13
Let k = 1 - -3. Let o be 26 - 0/((-4)/2). Let g = o - k. What are the prime factors of g?
2, 11
Let j(g) = -g**3 + 8*g**2 + 4. Let q be j(8). Suppose -315 = q*s - 11*s. List the prime factors of s.
3, 5
Let f be (-2)/((-6)/(-9)) + 9. Suppose -f*b - 35 = -11*b. Suppose -3*v + 2*n + 29 = 0, 0 = -2*v + 4*n + b - 1. List the prime factors of v.
13
What are the prime factors of -1967*8/(-4 + -4)?
7, 281
Let b(j) be the second derivative of -4*j**3/3 + 11*j**2/2 + 5*j. Let i(v) = 9*v - 11. Let w(n) = -7*b(n) - 6*i(n). List the prime factors of w(14).
17
Suppose z = -z + 4. Suppose -z*k + 0*i + 107 = 3*i, k - 3*i = 76. What are the prime factors of k?
61
Suppose 3*u + 0*r - 954 = r, -2*u + 2*r = -636. Suppose 94 = 4*m - u. List the prime factors of m.
103
Let r(x) = x**3 + 12*x**2 - x - 9. Suppose d + 9 + 1 = 0. List the prime factors of r(d).
3, 67
Let g(x) = 5*x**2 - 2*x + 13. Let j be g(-10). Suppose 8*m - j = 59. What are the prime factors of m?
2, 37
Let s be -4 - (2 + (3 - 9)). Suppose -2*n - 4 = s, -2*b - b + 666 = 3*n. List the prime factors of b.
2, 7
Let l be (10/(-30))/(2/(-162)). Let d = -25 + l. What are the prime factors of d?
2
Let o be (86/(-4)*5)/(2/(-8)). Suppose -4*b + o - 26 = 0. What are the prime factors of b?
101
Let t be -1*3/(9/(-201)). Let z = t + -32. List the prime factors of z.
5, 7
Let d(v) = 29*v + 23. Let f be d(2). Let i = f + -57. What are the prime factors of i?
2, 3
Let l(n) = n**3 + 3*n**2 - 6*n - 6. Let k be l(-4). Suppose 2*m = -k*m + 12. Let r(u) = 2*u + 2. What are the prime factors of r(m)?
2
What are the prime factors of 492 - (-10 + 5 - -3)*2?
2, 31
Suppose -3*t = -11*t. Suppose t = 4*q - 5*v - 401, -4*v - 400 = q - 5*q. What are the prime factors of q?
3, 11
Let c(m) = 13*m**2 + 2*m - 2. Let i(f) be the third derivative of -f**5/30 + f**3/6 - 9*f**2. Let a be i(0). List the prime factors of c(a).
13
Let c = -7396 + 10461. What are the prime factors of c?
5, 613
Let a(q) = q**3 + 7*q**2 - 3*q - 1. Let x(u) = u**3 + 7*u**2 - 2*u - 1. Let t(s) = -3*a(s) + 4*x(s). List the prime factors of t(-5).
2, 11
Let c be (-9 - 3)*55/5. Let r = -72 - c. Let l = r + -32. What are the prime factors of l?
2, 7
Suppose -4*w = v - 3696, -47*v + 14820 = -43*v + 4*w. What are the prime factors of v?
2, 3, 103
Let t be ((-12)/(-4))/3*227. Let b = t - 128. List the prime factors of b.
3, 11
Suppose -4*d = -d + 60. Let w = d - -91. List the prime factors of w.
71
Let a = -16 + 14. Suppose 0 = -z - 2*z + 12. List the prime factors of 33 + z/a + -2.
29
Suppose 49*r = -1683 + 8004. What are the prime factors of r?
3, 43
Let r be (9/1)/((-6)/(-92)). Suppose -124 - 23 = -3*i - y, 0 = 3*i - 2*y - r. Suppose -3*d - d + i = 0. What are the prime factors of d?
2, 3
Let n be (6 + -3 + -4)*-373. Suppose -y + o = -76, 4*y + 4*o - n = -29. List the prime factors of y.
3
List the prime factors of 5 - (-37)/((-407)/(-45540)).
5, 829
Let d = 15 + -19. Let j be 45 - (d - -4)/(-4). Suppose -3*u + 168 = j. What are the prime factors of u?
41
Let o = -7 + 6. Let n be 0/(-1 + 0 + o). Suppose n = x + 5*u - 4 - 2, -5*x - 5*u + 110 = 0. What are the prime factors of x?
2, 13
Let o = 71 - 97. What are the prime factors of 2/5*((-1 - o) + 0)?
2, 5
Let f(k) = 3*k + 2 + 11*k**2 + 5*k - 10*k**2. Let t be f(-8). Let g = t - -16. List the prime factors of g.
2, 3
Let q(m) = 3*m + 906. List the prime factors of q(0).
2, 3, 151
Suppose 4*u = -2*j + 5082, 14*u + 2*j = 17*u - 3801. What are the prime factors of u?
3, 47
Suppose 2*q + m = 404, -4*m + 984 = 5*q - 8*m. List the prime factors of q.
2, 5
Let u(x) = -x**3 - 7*x**2 + 6*x + 20. Let y be u(-8). Let h = y - -8. What are the prime factors of h?
2, 11
Suppose 0 = -4*y + y + 168. Suppose 3*u = -362 + y. Let c = u - -173. What are the prime factors of c?
71
Let c(k) = -24*k. Let d(z) = -60*z. Suppose -2*m - 36 = -5*m. Let s(f) = m*c(f) - 5*d(f). List the prime factors of s(3).
2, 3
Let c(v) = -v**3 + 2*v**2 + 2*v - 1. Let f(m) = -m**3 + 3*m**2 + m - 2. Let w(u) = -4*c(u) + 5*f(u). What are the prime factors of w(4)?
2, 3, 5
Let i(l) = -6*l - 38. Let n be i(-5). Let h = -3 - -13. Let k = h + n. List the prime factors of k.
2
Suppose 5*i + 1691 = 8741. What are the prime factors of i?
2, 3, 5, 47
Let x(c) = -c**2 - 12*c - 5. Let u = 18 - 17. Let n(k) = -6*k - 1. Let l be n(u). What are the prime factors of x(l)?
2, 3, 5
Let b(q) = q**3 + 2*q + 37 - 20 - 18 + 2*q**2. List the prime factors of b(3).
2, 5
Let j be (6/(-9))/(3/(-9)). Suppose 3*k - j = 7. Suppose 0 = -4*o + k*i + 98 + 7, 5*i = 5. List the prime factors of o.
3
Suppose 4*d - 24 = 6*d. List the prime factors of d/(-8)*-1*(-34 + 0).
3, 17
Suppose 4*l + 2*u - 10 = 0, 0 = l + 4*l - u - 30. Suppose 3*h = -q + 18, -5 - 15 = -l*h. What are the prime factors of q?
2, 3
Suppose -14040 = -11*j + 3*j. What are the prime factors of (2*1)/(30/j)?
3, 13
Let t(d) = d**2 - 2*d + 2. Let m be t(2). Let z be (-35)/(-20)*(m - -2). Let p = z - 5. What are the prime factors of p?
2
Let a = 15 - 14. Let k be 1/((3/111)/a). Suppose -z + 2*z = 4, 3*t = -4*z + k. What are the prime factors of t?
7
Let x(t) = t + 1. Let p(b) = 4*b + 7. Let q(h) = p(h) + 3*x(h). Let v = -564 + 569. List the prime factors of q(v).
3, 5
Let h = -60 + 57. List the prime factors of (h/(-1))/((-15)/(-700)).
2, 5, 7
Let l = -417 - -178. Let g = -77 - l. List the prime factors of g.
2, 3
Let p be ((-8)/(-6))/(12/126). Suppose 22 = 4*z - 0*l - 2*l, -2*z + 21 = -3*l. Suppose -h + 22 = -x, -27 - p = -2*h + z*x. What are the prime factors of h?
5
Let l = 58 - 58. Suppose l = -2*y + 2*u + 258, -3*y - 34 + 413 = 5*u. List the prime factors of y.
2
Let c = 2538 + 1434. List the prime factors of c.
2, 3, 331
Let h(d) = -2*d**3 - 44*d**2 - 46*d - 53. List the prime factors of h(-26).
6551
Let a(h) = -4*h**2 + 8*h - 19. Let d be a(3). Let g = -20 - d. List the prime factors of g.
11
Suppose 5*w = 4*i - 1632, -5*i + 840 + 1209 = -4*w. What are the prime factors of i?
7, 59
Let h be (-1)/((-4)/((-256)/(-4))). Suppose -12*m + h*m - 196 = 0. What are the prime factors of m?
7
List the prime factors of -1*5 - (-1 + (11 - 79)).
2
Suppose c = -0*c + 2, 0 = 3*n + 3*c - 30. Let x = 26 - n. What are the prime factors of (12/5)/(x/45)?
2, 3
Let x(f) = -51 + 92 + 18*f - 44. List the prime factors of x(4).
3, 23
Suppose 3*d + 3*b - 114 = 0, -d + b = -3*d 